{"id":22,"date":"2022-08-17T17:19:14","date_gmt":"2022-08-17T15:19:14","guid":{"rendered":"http:\/\/fapel22.org\/?page_id=22"},"modified":"2022-08-17T18:02:07","modified_gmt":"2022-08-17T16:02:07","slug":"protection","status":"publish","type":"page","link":"https:\/\/fapel22.org\/index.php\/protection\/","title":{"rendered":"Protection"},"content":{"rendered":"\n<p>Pour prot\u00e9ger l&rsquo;environnement, la Fapel des C\u00f4tes d&rsquo;Armor s&rsquo;appuie sur des ressources l\u00e9gislatives et r\u00e9glementaires qui prot\u00e8gent notre environnement, et notamment : <\/p>\n\n\n\n<ul class=\"wp-block-list\"><li>La loi du 3 janvier 1986, dite <a rel=\"noreferrer noopener\" href=\"https:\/\/www.legifrance.gouv.fr\/affichTexte.do?cidTexte=JORFTEXT000000317531\" target=\"_blank\">Loi Littoral<\/a><\/li><li>Les dispositions relatives \u00e0 la protection du b\u00e2ti ancien \u00e0 r\u00e9nover<\/li><li>Les dispositions relatives \u00e0 la protection des lanceurs d&rsquo;alerte<\/li><\/ul>\n\n\n\n<figure class=\"wp-block-image size-large is-resized\"><img loading=\"lazy\" decoding=\"async\" src=\"https:\/\/fapelcotesdarmor.files.wordpress.com\/2020\/08\/protection-2.jpg?w=468\" alt=\"\" class=\"wp-image-141\" width=\"767\" height=\"757\"\/><\/figure>\n","protected":false},"excerpt":{"rendered":"<p>Pour prot\u00e9ger l&rsquo;environnement, la Fapel des C\u00f4tes d&rsquo;Armor s&rsquo;appuie sur des ressources l\u00e9gislatives et r\u00e9glementaires qui prot\u00e8gent notre environnement, et notamment : La loi du 3 janvier 1986, dite Loi Littoral Les dispositions relatives \u00e0 la protection du b\u00e2ti ancien \u00e0 r\u00e9nover Les dispositions relatives \u00e0 la protection des lanceurs d&rsquo;alerte<\/p>\n","protected":false},"author":1,"featured_media":0,"parent":0,"menu_order":0,"comment_status":"closed","ping_status":"closed","template":"","meta":{"om_disable_all_campaigns":false,"_monsterinsights_skip_tracking":false,"_monsterinsights_sitenote_active":false,"_monsterinsights_sitenote_note":"","_monsterinsights_sitenote_category":0,"footnotes":""},"class_list":["post-22","page","type-page","status-publish","hentry"],"aioseo_notices":[],"_links":{"self":[{"href":"https:\/\/fapel22.org\/index.php\/wp-json\/wp\/v2\/pages\/22","targetHints":{"allow":["GET"]}}],"collection":[{"href":"https:\/\/fapel22.org\/index.php\/wp-json\/wp\/v2\/pages"}],"about":[{"href":"https:\/\/fapel22.org\/index.php\/wp-json\/wp\/v2\/types\/page"}],"author":[{"embeddable":true,"href":"https:\/\/fapel22.org\/index.php\/wp-json\/wp\/v2\/users\/1"}],"replies":[{"embeddable":true,"href":"https:\/\/fapel22.org\/index.php\/wp-json\/wp\/v2\/comments?post=22"}],"version-history":[{"count":2,"href":"https:\/\/fapel22.org\/index.php\/wp-json\/wp\/v2\/pages\/22\/revisions"}],"predecessor-version":[{"id":37,"href":"https:\/\/fapel22.org\/index.php\/wp-json\/wp\/v2\/pages\/22\/revisions\/37"}],"wp:attachment":[{"href":"https:\/\/fapel22.org\/index.php\/wp-json\/wp\/v2\/media?parent=22"}],"curies":[{"name":"wp","href":"https:\/\/api.w.org\/{rel}","templated":true}]}}